1 a composite number?
False
Is 4252253 a composite number?
False
Is 40778 composite?
True
Is 5534107 a composite number?
False
Is 3863 a prime number?
True
Is 527811 a composite number?
True
Is 11589 a composite number?
True
Is 1366709 a composite number?
False
Is 21169 composite?
False
Is 12941 composite?
False
Is 116734 prime?
False
Is 1754 composite?
True
Is 5057 prime?
False
Is 22823 a composite number?
True
Is 23857 composite?
False
Is 9329 a prime number?
False
Is 35513 a composite number?
True
Is 110017 prime?
True
Is 45161 a prime number?
True
Is 2095439 composite?
False
Is 6158 a prime number?
False
Is 120545 composite?
True
Is 26303 prime?
False
Is 211969 prime?
True
Is 32197 a composite number?
True
Is 234569 a prime number?
False
Is 34319 a prime number?
True
Is 40693 prime?
True
Is 690041 a composite number?
True
Is 514201 composite?
False
Is 58363 prime?
True
Is 1780849 a prime number?
False
Is 419603 a composite number?
False
Is 17729 a prime number?
True
Is 40193 prime?
True
Is 247309 a composite number?
False
Is 467927 a prime number?
True
Is 154927 prime?
True
Is 165931 composite?
False
Is 2463 a composite number?
True
Is 10709 a prime number?
True
Is 49739 a prime number?
True
Is 412939 composite?
False
Is 3086 composite?
True
Is 74351 prime?
False
Is 5493 prime?
False
Is 788623 prime?
False
Is 25997 prime?
True
Is 263 composite?
False
Is 411 composite?
True
Is 461911 a prime number?
False
Is 88037 prime?
True
Is 11791 a prime number?
False
Is 133123 a prime number?
False
Is 125485 a prime number?
False
Is 40423 composite?
False
Is 37483 a prime number?
True
Is 406405 composite?
True
Is 2621 a composite number?
False
Is 127 prime?
True
Is 230803 composite?
True
Is 309139 prime?
False
Is 110527 a prime number?
True
Is 4169 a composite number?
True
Is 1361 prime?
True
Is 6503 a composite number?
True
Is 4729 a prime number?
True
Is 23081 composite?
False
Is 4259 composite?
False
Is 160313 a composite number?
False
Is 39583 composite?
True
Is 28829 prime?
False
Is 149351 a composite number?
False
Is 52657 composite?
True
Is 955 prime?
False
Is 730921 a prime number?
False
Is 397 prime?
True
Is 25391 a prime number?
True
Is 3713 a prime number?
False
Is 3067 a composite number?
False
Is 72797 composite?
False
Is 207007 composite?
True
Is 31285 a prime number?
False
Is 19223 a composite number?
True
Is 18013 a composite number?
False
Is 8147 a prime number?
True
Is 54077 a composite number?
True
Is 6971 composite?
False
Is 753 a prime number?
False
Is 54121 composite?
False
Is 453683 a composite number?
False
Is 975115 a prime number?
False
Is 97 a prime number?
True
Is 87359 composite?
False
Is 1619 prime?
True
Is 7991 a composite number?
True
Is 9623 a prime number?
True
Is 1193 a composite number?
False
Is 9409 composite?
True
Is 806893 a composite number?
False
Is 97649 prime?
True
Is 253887 a composite number?
True
Is 22091 a composite number?
False
Is 157091 prime?
False
Is 140843 composite?
True
Is 14483 composite?
True
Is 22897 composite?
True
Is 27533 a prime number?
False
Is 1657 a composite number?
False
Is 35 a prime number?
False
Is 11441 prime?
False
Is 22879 prime?
False
Is 12953 composite?
False
Is 274297 a prime number?
False
Is 462203 composite?
True
Is 1727 a prime number?
False
Is 216493 prime?
True
Is 31357 composite?
False
Is 43427 prime?
True
Is 28981 composite?
True
Is 115823 composite?
False
Is 166033 prime?
False
Is 4474 composite?
True
Is 286179 prime?
False
Is 82129 composite?
False
Is 1903 composite?
True
Is 1312277 a composite number?
False
Is 2359 a prime number?
False
Is 97859 a composite number?
False
Is 14143 a prime number?
True
Is 387781 a prime number?
True
Is 25147 prime?
True
Is 88427 prime?
True
Is 115502 composite?
True
Is 14821 a composite number?
False
Is 4009 composite?
True
Is 141153 composite?
True
Is 1179377 a prime number?
False
Is 8923 a composite number?
False
Is 2669 a prime number?
False
Is 191783 composite?
False
Is 2657 composite?
False
Is 78953 a prime number?
False
Is 860009 composite?
False
Is 28751 a composite number?
False
Is 111299 prime?
False
Is 845261 a composite number?
False
Is 3109 a composite number?
False
Is 19787 a composite number?
True
Is 86969 a composite number?
False
Is 19655 prime?
False
Is 6503 a prime number?
False
Is 391273 composite?
False
Is 15661 prime?
True
Is 848173 a composite number?
False
Is 35039 a prime number?
False
Is 80111 a composite number?
False
Is 358931 prime?
True
Is 54589 prime?
False
Is 1674821 prime?
True
Is 16041 a composite number?
True
Is 7019 prime?
True
Is 997 composite?
False
Is 9223 a prime number?
False
Is 49559 composite?
False
Is 10883 composite?
False
Is 191 composite?
False
Is 12273 composite?
True
Is 177883 prime?
True
Is 40861 a prime number?
False
Is 121181 a composite number?
False
Is 3967 composite?
False
Is 2899 a prime number?
False
Is 211313 a prime number?
True
Is 31529 prime?
False
Is 128465 a prime number?
False
Is 2159 a prime number?
False
Is 712979 a prime number?
False
Is 72109 composite?
False
Is 439 composite?
False
Is 6874003 a composite number?
False
Is 370241 a prime number?
True
Is 2066 a composite number?
True
Is 23719 prime?
True
Is 1392407 a prime number?
True
Is 15959 prime?
True
Is 88823 prime?
False
Is 1287253 prime?
False
Is 149489 composite?
False
Is 1914069 a prime number?
False
Is 21313 composite?
False
Is 2923 prime?
False
Is 18587 a composite number?
False
Is 1035313 a prime number?
True
Is 7183 composite?
True
Is 895582 composite?
True
Is 90053 prime?
True
Is 778573 a composite number?
True
Is 216149 a composite number?
False
Is 8301 a composite number?
True
Is 7151 a prime number?
True
Is 933 a composite number?
True
Is 31933 prime?
False
Is 53647 composite?
True
Is 2819 a composite number?
False
Is 11283 prime?
False
Is 618119 composite?
False
Is 524171 composite?
False
Is 14827 prime?
True
Is 121183 composite?
True
Is 4115 a prime number?
False
Is 13997 prime?
True
Is 327193 composite?
False
Is 3163 composite?
False
Is 951 a composite number?
True
Is 17077 a prime number?
True
Is 39341 composite?
False
Is 664085 prime?
False
Is 144817 composite?
False
Is 299654 a prime number?
False
Is 38767 a composite number?
False
Is 478177 prime?
False
Is 1774 composite?
True
Is 4705 a composite number?
True
Is 140623 prime?
False
Is 2571 composite?
True
Is 224743 composite?
False
Is 1063135 composite?
True
Is 45865 prime?
False
Is 1567 a prime number?
True
Is 22371 a prime number?
False
Is 33793 a composite number?
True
Is 3011 prime?
True
Is 52433 composite?
False
Is 12631 a prime number?
False
Is 120261 composite?
True
Is 1411 prime?
False
Is 656939 a prime number?
True
Is 311165 composite?
True
Is 4279 a prime number?
False
Is 1157 prime?
False
Is 10709 a prime number?
True
Is 150551 prime?
True
Is 53111 composite?
True
Is 11657 a composite number?
False
Is 1789091 a composite number?
False
Is 89071 prime?
True
Is 9347 a composite number?
True
Is 22863 a prime number?
False
Is 55579 composite?
False
Is 14197 prime?
True
Is 1532899 a composite number?
False
Is 9263 a composite number?
True
Is 22601 composite?
True
Is 78047 prime?
False
Is 26081 composite?
True
Is 146743 prime?
True
Is 155157 a prime number?
False
Is 2209741 composite?
False
Is 31469 a prime number?
True
Is 13907 prime?
True
Is 734329 prime?
True
Is 25595 a composite number?
True
Is 13229 a prime number?
True
Is 43107 a composite number?
True
Is 261157 a prime number?
False
Is 5261 composite?
False
Is 4133 prime?
True
Is 1363 a prime number?
False
Is 197219 composite?
True
Is 1064507 a composite number?
False
Is 1261 a prime number?
False
Is 12643 a composite number?
True
Is 851 a prime number?
False
Is 45481 composite?
False
Is 161843 composite?
True
Is 36689 a composite number?
True
Is 4421 a prime number?
True
Is 60859 a composite number?
False
Is 257 a prime number?
True
Is 272329 prime?
True
Is 321899 a prime number?
False
Is 349241 a composite number?
False
Is 125435 a prime number?
False
Is 622813 a prime number?
True
Is 115421 a prime number?
True
Is 129793 composite?
False
Is 2971 a prime number?
True
Is 4073 composite?
False
Is 64433 composite?
False
Is 1217165 a composite number?
True
Is 131041 prime?
True
Is 28